95
What is 41 - (-146 - -36 - (-49 + 34))?
136
What is -24 - 7 - (0 - 43)?
12
What is the value of 29 - (52 - (-55 + 101))?
23
Evaluate (-2 - (-7 - (-7 - 21))) + -11.
-34
Evaluate -29 - (-72 - -14 - -1).
28
What is 67 + (-68 - (-17 - -21))?
-5
Calculate -14 + (61 + 1 - (2446 + -2425)).
27
What is the value of 34 + (-4 - (-9 + 11 - 5)) + 11?
44
What is the value of (3 - 7 - 56) + (-59 - (-80 + 8))?
-47
Calculate 12 + 4 + (-86 - -117) - 38.
9
What is -17 - (3 - (-10 - 4 - -5 - 26))?
-55
Calculate -53 + -207 + 174 + (1 - -21).
-64
Calculate (4 + 22 + -51 - 65) + 17.
-73
What is the value of -52 + 0 - (1428 + -1505)?
25
49 + -8 + 9 + -14 + 5 + 11
52
What is the value of (-20 + (32 - 4) - 13) + (-2 - 34)?
-41
Evaluate -20 + 52 + 6 + 0.
38
What is (29 - (-64 - -131)) + -39?
-77
Evaluate (-6 - (11 + -8 + (-39 - -14))) + 38.
54
-95 - (-86 + (-130 - 2))
123
-49 - (58 - 208) - 31
70
What is the value of 18 + -85 - (34 + (-4 - 25))?
-72
-86 + (4 - (33 + -86))
-29
(113 + -125 - (0 - 24)) + (-8 - -3)
7
-14 + (-24 - -14) - -21 - (4 - -74)
-81
Calculate 4 - 0 - 0 - ((37 - 2) + 26 + -3).
-54
What is the value of 65 + -5 + -29 + -63?
-32
Calculate (-16 - ((31 - 2) + -52)) + -1 + 30.
36
What is the value of -60 + 54 + -67 - (-3 - 14)?
-56
What is the value of (51 - (0 - 1 - -4)) + (-317 - -330)?
61
-9 - (7 - (-61 - -106))
29
What is (33 - 3) + 0 + 2 - (-1582 + 1568)?
46
What is (-1 - 9) + (-15 - ((12 - 169) + -19 + 24))?
127
Evaluate 2207 - 2132 - (1 - -81).
-7
Evaluate -166 + 202 - -53 - (0 + 20).
69
What is -1 + 13 - -1 - (-2763 + 2773)?
3
Calculate -21 + (-72 - -84) + 86 + (4 - 3).
78
0 + -9 + -4 + (773 - 768)
-8
Evaluate 0 + -90 - (-1407 + 1430).
-113
What is the value of 1 + (1 - (9 + -9)) + -13 - -12?
1
Evaluate -2 - (-47 + -8 + 1 + 1 + 1 + 14).
36
Evaluate -1 + (-50 - (0 + 2)) + (189 - 186).
-50
Calculate -1 - (-20 + 32 + 69 - 12 - (-5 + 1)).
-74
(28 - (-34 + 55)) + -25 + 1
-17
What is (-1 - 1) + 7 + 9 + -5 + -338 + 370?
41
What is the value of (-19 - (-19 + 4)) + -30 + -3?
-37
Calculate -1278 + 1208 + 5 + 58.
-7
What is the value of (12 - 5) + (6 - 3) + -55?
-45
What is -8 + (-2 - (-6 - -8) - -3) + 73 + 14?
78
Evaluate -1 + 0 + (2 - (-8 + 16)) + -30 + -18.
-55
What is the value of 118 - (-143 + (-90 - -238))?
113
Calculate (4 + (-19 - 5) - -16) + (5 - -5).
6
What is the value of -13 - (23 + -18) - -46 - 9?
19
What is -225 + 177 - (1 + 74)?
-123
What is -9 + 0 + (-4 - -6) + 3 - (-12 + -7)?
15
-1 - 46 - (-515 + 491 + (4 + -1 - -13))
-39
What is the value of (-1 - 1) + 1 + -7 + -66 + (144 - 2)?
68
What is the value of 10 + -12 + 6 + (-3 - -14) + 24?
39
Evaluate (26 - (-1 + 17)) + -2 + 116.
124
Calculate (5 - ((147 - 156) + (-9 - -2))) + -5.
16
What is 0 + 8 + 2 + 0 + -69 + -158 + 182?
-35
Evaluate 1 + -2 + -1 + -2 + (11 - 4) - 22.
-19
Evaluate 12 + 0 + -11 + 41 + 3.
45
What is -23 + 75 + 18 + (28 - 72)?
26
Evaluate 63 + (6 + -29 - -27) - 8.
59
Calculate -9 + (6 - -37) - 39.
-5
What is -4404 + 4309 - (-91 - -1)?
-5
Evaluate (17 - -10) + -418 + 446.
55
Evaluate (0 - -25) + 2 + (-4 - (20 + 11 + -36)).
28
Evaluate (24 - (43 - (29 + -11))) + (42 - (-3 + 2)).
42
What is -6 + (-4 - ((17 - 23) + 6))?
-10
4 - (-6 + -28) - (8 + -28 + -1 - -12)
47
What is the value of -3 + -4 - (-30 - (-94 + 93))?
22
-59 + 26 + -1 + -5 + -5 + 1 + 9
-34
Evaluate -68 + (-5 - -59) - (2 + -1 + -46).
31
Calculate 74 + (-58 - -82 - 119).
-21
Evaluate -22 + (46 - 46) + 5 + -6 - 10.
-33
114 + 1 + 4 - 6 - (-194 + 206)
101
17 - ((-13 + 17 - 7) + 21)
-1
What is 56 + -4 + 2 + -2 + (-267 - -282)?
67
Calculate -20 - (-21 + -1 + -3) - (7 + 1) - 44.
-47
What is the value of -50 + 0 + -43 + 46?
-47
Calculate -25 - (6 - (-13 + 15)) - (4 + 9).
-42
What is (-17 - -38) + 2 + 24?
47
Evaluate 44 - (21 + -5 - (17 - (-18 + 33))).
30
Evaluate -3 + 14 - (-15 - (1 + 1) - 5).
33
(-10 - 0) + (137 - (-15 - -28 - -32))
82
Evaluate -6 + (18 - 15 - 5) + 3 + (10 - 2).
3
What is 50 - (37 - (54 - 55 - (3 + -20)))?
29
Evaluate 8 + -26 + -3 - (38 + -101).
42
26 + (1 - 0) - ((2 - 2) + -4)
31
What is 6119 + -6251 - (-210 + 1)?
77
What is the value of 34 + (-3 + (0 - 1) - (-35 + 35))?
30
(16 - 0) + -14 - (0 + 7 - 6 - -58)
-57
Evaluate -58 + (13 - (12 - (15 - 31))) + -16.
-89
What is the value of (-15 + (19 - -1) - (-8 + -55)) + -1 + -2?
65
Calculate 27 + 14 + 10 + -14 + 16 + -19.
34
Evaluate (39 - 0) + (-19946 - -19895).
-12
Calculate 16 + (-26 - 41) + 55 - ((-1 - 1) + -24).
30
What is -48 - -13 - 8 - -18 - (1 + -17)?
-9
What is the value of (-21 + 7 - 5) + 64 + -11?
34
Evaluate 0 + 1 + (8 - 9) + -56 + 96.
40
Calculate 4 + (-1 - 10) - (1497 + -1449).
-55
(-107 - -56) + (76 - 25)
0
352 + -311 + (-23 - -1)
19
Calculate -24 - (20 - 49) - (3 - (-17 - 1)).
-16
Calculate (2 + 1 + -16 - -4) + (98 - (12 + 3)).
74
Calculate 1 - -3 - ((15 - (17 - 1)) + 14).
-9
What is the value of ((30 - 79) + 50 + 1 + 5 - -35) + -6?
36
Evaluate -17 - (18 - 44) - 12.
-3
Calculate -99 - -50 - -147 - 64.
34
-16 + (-18 - -13 - -11) + (-2 + -1 - 1)
-14
Calculate -10 + 19 + -14 - (7 - (-15 - (-22 + -13))).
8
What is -26 - ((8 - -4) + -17) - ((1 - -6) + 1)?
-29
What is the value of -407 + 382 + (3 - 0 - -14)?
-8
What is -15 - -54 - (-139 - -194)?
-16
What is 78 - 15 - (-89 - -74) - -45?
123
What is (33 - 27 - (12 + -3 - 3)) + -2 + -7?
-9
What is (1 - 3) + (1 - 2) - -8 - (113 + -96)?
-12
Calculate -24 + 14 + -27 + (0 - -78).
41
What is the value of (78 - 52) + (-1 - 8) + -53?
-36
What is (9 - (31 - 11)) + ((3 - -1) + 0 - -18)?
11
Calculate 102 + -90 + (-24 - (-3 - 0)) - -54.
45
Evaluate 25 - (-2 + -5 - (13 + -19 + 22 - 20)).
28
What is the value of -672 - -707 - (-1 - -31)?
5
-8 + 10 - ((2 - 0) + 4) - (-888 + 929)
-45
Calculate (-32 - -8) + 45 + 12.
33
Calculate -94 + 120 - (13 - -68 - 8).
-47
What is 31 - (26 + (-53 - -65))?
-7
What is 0 + (-6 + -2 + (-1 - (-6 - -1)) - -2)?
-2
Calculate (-16 - (-6 + 6 - -9)) + 25 - 61.
-61
What is the value of -6 + (-16 + 16 - -1 - -2) + (88 - 3)?
82
What is (-18 + (-5 - 2) - 4) + -1?
-30
Calculate (-4 - 27) + (-34 + 25 - 36).
-76
-244 + 250 + (-5 - -1 - (-1 + (2 - 1)))
2
-73 + 24 + -19 + (0 - -2)
-66
Calculate -33 - (-15 + 7 + 5) - (1 + -6).
-25
Evaluate 41 + -39 + 215 - 108.
109
Evaluate -16 - (-12 + -1 + 4 + 3 - -8).
-18
Calculate 138 + -45 + -52 - (6 - 1).
36
Evaluate 20 - (42 - (-4 - 10)).
-36
Calculate 0 + -32 - (-248 - -199).
17
(-1323 - -1302) + (-5 - (65 - 4))
-87
(-1 - 74) + 186 - 145
-34
What is the value of -101 + (202 - (137 - 18))?
-18
Evaluate (4 - -1) + 17 + 75 + -104.
-7
What is 14 + 2 - 116 - (-5 - 0) - (-16 + 23)?
-102
Evaluate -49 + 11 - (1 + -12 + (-7 - -7)).
-27
What is the value of (-22 - -13) + 8 + 11 + -20 + (67 - 1)?
56
(2 - 17) + -19 - (-3 - -19)
-50
Calculate 168 - (27 + -14 + 14 + 3).
138
What is the value of 0 + -63 + 85 + 30?
52
What is the value of (-41 - (-73 - -29)) + 17?
20
Calculate 11 + (-52 - (13 - (14 + -10 + 20))).
-30
Calculate -6 + 0 - (-24 - -2 - (13 - (14 + -18))).
33
What is the value of 12 - -1 - (55 + -47) - -18 - -19?
42
Evaluate (-13 + -1 - (-49 - -46)) + (26 - 9) + -78.
-72
Evaluate -1 - -3 - -48 - 3 - ((8 - -21) + -34).
52
Calculate (2 + -9 - 1 - (1 - (-10 + 30))) + -11.
0
Calculate 5 + (60 + (24 - 8) + -14 - 7).
60
27 - -2 - (-20 + 1 + 38)
10
Calculate 26 - (-17 + -39 - -44).
38
0 + -7 + (-15 - -20) - (-28 - 26)
52
724 + -719 - (-3 + 4 + 53 + (2 - 3))
-48
(15 - 17 - 4) + 23 + -2
15
0 + -4 - (-1 - -47) - ((12 - -2) + -15)
-49
69 + -2 - (2438 + -2406)
35
What is the value of 61 + -155 + 21 + 0?
-73
What is 0 + 12 + -2 - (1 + 0) - -50?
59
Calculate -43 - (25 + -13 - 66).
11
Evaluate -30 - (-41 - (19 + -19) - 8).
19
What is the value of (77 - 56) + -71 - -20?
-30
Evaluate 58 - ((16 - -3 - 9) + (-10 - -6) + 5).
47
-58 + -36 + (-21 - -91)
-24
-3 + -3 + (3 - -1) + (-40 - -37)
-5
What is 10 - (17 + 8) - (-82 - -98)?
-31
Calculate 1 + -23 - (14 + 15 + -30 + -9).
-12
(-4076 - -4075) + (-2 + -35 - -1)
-37
Calculate -30 - (-10 - 27) - 21.
-14
What is (85 - (10 + 50)) + -15?
10
Calculate -62 + 110 - 14 - (-1 + 1 + 0 + 3).
31
What is the value of (-70 - (-10 + -21)) + (19 - 1) + 8?
-13
9 - (51 + (-30 - (1 - (15 - -3))))
-29
What is the value of -47 - (-17 - (80 - 53))?
-3
Evaluate 37 + 62 - (-15 + 22 - -16).
76
What is the value of -10 + 17 - (87 + 1 - (-377 + 380))?
-78
What is th